o*t - 2*d. Calculate the remainder when 103 is divided by t.
48
Let l be -20*1/(-6)*-3. Let j(t) = -t**3 - 10*t**2 - t - 3. Let z be j(l). Let o = 7 + z. What is the remainder when 27 is divided by o?
13
Let u(x) = 7*x + 4. Suppose 0 = -6*a + 2*a + 8. Suppose g - a - 5 = 0. Calculate the remainder when u(g) is divided by 27.
26
Let x = -7 - -12. Calculate the remainder when (54/x)/(36/90) is divided by 6.
3
Let x be 3/(18/(-3))*0. Suppose 3*q + 22 - 25 = x. Calculate the remainder when q is divided by 1.
0
Let f(h) = -4*h**3 - h**2. Let i = -45 - 4. Let t = i + 59. What is the remainder when t is divided by f(-1)?
1
Let n be (2 + (-1 - 0))/(26/78). Calculate the remainder when 20 is divided by 20/n*78/65.
4
Let c be 16/(4 + 0) - -17. Suppose 0 = u - 1 - 11. What is the remainder when 3/21 + 984/c is divided by u?
11
Let h be (6/8*2)/(1/278). Suppose -h = -10*p + 7*p. What is the remainder when p is divided by 28?
27
Let g(b) = 2*b + 1. Let p be g(1). Suppose -2*l + 5 = -p*l. What is the remainder when 70 - (l + 2 - -2) is divided by 24?
23
Let g = 0 + 18. Let i(h) = -h**3 + h + 69. Calculate the remainder when i(0) is divided by g.
15
Suppose 5*o - 7 - 8 = 0. Suppose n - 13 = -5*v + 2*v, -3 = 3*v - 3*n. Let w = 7 - v. What is the remainder when w is divided by o?
1
Let l(p) = p**3 - 6*p**2 + 18*p - 57. Calculate the remainder when 35 is divided by l(5).
3
Let d = 922 - 349. Calculate the remainder when d is divided by 8.
5
Let j = 67 + -48. Suppose -3*i + j - 10 = 0. Calculate the remainder when 11 is divided by i.
2
Let j = 166 - 104. Suppose 2*l = s + 240 - j, 3*s + 273 = 3*l. Let o = 7 + 23. Calculate the remainder when l is divided by o.
27
Suppose 1224 = 8*n + 240. Calculate the remainder when 351 is divided by n.
105
Let o(w) = -12*w**2 - 521*w - 19. Calculate the remainder when o(-41) is divided by 23.
20
Let d(i) = i**3 - 3*i**2 + 4*i - 3. Suppose 2*p = -2*t - 2*t + 8, 5*t = -2*p + 9. What is the remainder when p is divided by d(2)?
0
Suppose 5*j - 18 = 27. Suppose -2*d = -5 + 21. Let s = j - d. What is the remainder when 32 is divided by s?
15
Calculate the remainder when 126 is divided by 6/(-7)*4046/(-68).
24
Let a = -24 - -30. Let v(l) = 3 - a*l + 4*l + 3*l + 1. Calculate the remainder when 28 is divided by v(11).
13
Suppose -z = -n - 22, 80 = 3*z - 1878*n + 1877*n. Calculate the remainder when -10*(-1)/(5/72) is divided by z.
28
Let o = 42 - 40. Suppose 7*g - 2*g - 108 = -4*k, 0 = -5*k + o*g + 135. Calculate the remainder when 51 is divided by k.
24
Let q = 1602 + -1566. What is the remainder when 753 is divided by q?
33
Suppose 0 = 3*j + j - 108. Let l(n) = -n**3 - 2*n**2 - n - 3. Let m be l(-2). What is the remainder when j is divided by 12 + m + (-3 - -2)?
7
Let i be (52/(-3))/((-12)/(-180)). Calculate the remainder when 23 is divided by (i/8)/5*-2.
10
Let y(b) be the second derivative of -b**5/20 - 25*b**4/12 + 13*b**3/3 + 5*b**2/2 - 47*b. Calculate the remainder when 19 is divided by y(-26).
4
Let d = 247 - 147. Suppose k + d = 6*k. Let u(v) = 39*v - 1. What is the remainder when u(2) is divided by k?
17
Let d = 0 - -10. Let w = d + -8. What is the remainder when 7 is divided by w?
1
Suppose 78 = -3*x + x. Let q = -72 - x. Let i = 38 + q. What is the remainder when 9 is divided by i?
4
Suppose 0*h + 3*h = r + 4, r - 4 = -5*h. Let f be h/(-4) + (-63)/(-12). Let y(v) = v**3 - 3*v**2 - 3*v - 1. Calculate the remainder when y(f) is divided by 18.
16
Let r(z) = -3*z**3 - 5*z**2 + 5*z + 11. Suppose 18 = -4*q + 2. Calculate the remainder when r(q) is divided by 26.
25
Suppose -20*l = -25*l + 15. Suppose 5*o = -l*t + 37, 4*t - 5*t + 29 = 5*o. What is the remainder when 22/4 - (-2)/4 is divided by o?
1
Suppose 3627 = 40*k - 27*k. Calculate the remainder when k is divided by 57.
51
What is the remainder when (-1)/3*-9 + 6 is divided by (-1 + 3)/((-10)/(-25))?
4
Let d(k) = 14*k + 10. Let j(z) = -13*z - 11. Let y(o) = 2*d(o) + 3*j(o). Calculate the remainder when y(-6) is divided by 11.
9
Suppose -972 - 1508 = -16*j. What is the remainder when j is divided by 32?
27
Let u(v) = 14*v**2 - 79*v + 29. Calculate the remainder when u(8) is divided by 23.
17
Suppose 7*p + 0*p = -21. What is the remainder when ((-22)/p)/((-6)/(-585)*5) is divided by 24?
23
Suppose 3*d - b - 6 - 12 = 0, 0 = -2*d - 2*b + 12. Let r = -5 + 8. Calculate the remainder when d is divided by r.
0
Let y(d) = -2*d + 9. Let m = -36 - -26. Let x = m + 18. Calculate the remainder when y(-7) is divided by x.
7
Let q = 243 - 216. What is the remainder when q is divided by 16?
11
Suppose 0 = b - 2, 16*b = 5*k + 14*b - 3946. What is the remainder when k is divided by 44?
42
Let n(z) = -z**2 - 9*z - 8. What is the remainder when 101 is divided by n(-2)?
5
Let a(v) = 2*v + 208. What is the remainder when a(75) is divided by 73?
66
Let f(n) be the third derivative of n**4/24 + 5*n**3/6 - 9*n**2. What is the remainder when f(4) is divided by 7?
2
Suppose 5*s - 3 = d, -2*s - 54 = -12*d + 7*d. What is the remainder when 17 is divided by d?
5
Let u(s) = -7*s - 72. Calculate the remainder when 53 is divided by u(-11).
3
Suppose -7*r + 1 = -6. Calculate the remainder when (86 - r) + (5 - 2) is divided by 24.
16
Let l be ((-152)/(-10))/((-6)/(-30)). Let s = l + -65. Calculate the remainder when 8*(-2 - -6) + -2 is divided by s.
8
Let t be ((-14)/(-21))/((-4)/18). Let h(d) = -17*d - 8. Calculate the remainder when h(t) is divided by 15.
13
Let u(s) = -3*s - 12. Let g be 341/(-33) - 1/(-3). Let i = 37 + g. Calculate the remainder when i is divided by u(-6).
3
Let r = 12 - 2. Let i(u) = 12*u + 50. Let w(t) = 6*t + 25. Let y(h) = 3*i(h) - 7*w(h). Calculate the remainder when y(-9) is divided by r.
9
Let r(p) = -p + p - 14 - p + 10*p. Calculate the remainder when 86 is divided by r(4).
20
Let g(y) = -2*y - 1. Let u = 48 - -43. Suppose 4*j = 3*k - 149, -2*k + 2*j + u = j. What is the remainder when k is divided by g(-6)?
10
Let q be ((-36)/48)/(2/(-40)). Suppose -2*m = -m - q. What is the remainder when 118 is divided by m?
13
Let o = -80 - -104. Suppose -4*w + 3*n = -2*n - 52, -4*w + 4*n + 52 = 0. What is the remainder when o is divided by w?
11
Let h be 5/4*(-3 + -1). Let t(f) be the second derivative of -2*f**3/3 + 9*f**2/2 + 18*f + 1. What is the remainder when t(h) is divided by 10?
9
Suppose -2*o = -4*o - q + 9, 2*o + 11 = 3*q. Suppose -o*k + 2*n = -6*k + 80, n = 3*k - 70. What is the remainder when 38 is divided by k?
16
Let h(z) = -7*z**3 + 55*z + 54. Let x = 8 - 6. Calculate the remainder when h(-1) is divided by x.
0
Suppose -3*d = 4*o - 25, -d - 30 = -2*o + d. Calculate the remainder when 2/(-9) + 7912/207 is divided by o.
8
Let d = -1240 - -1261. Let g = -29 - -44. Let r = -9 + g. What is the remainder when d is divided by r?
3
Let k = 399 - 262. Calculate the remainder when k is divided by 50.
37
Suppose -228 = 4*r - 5*r. What is the remainder when r is divided by 11?
8
Suppose -124 = -38*u + 1662. What is the remainder when 59 is divided by u?
12
Suppose -10 - 8 = -w. Suppose -4*a = -3*j + 158, -4*j - 149 = 3*a - 43. Let p = a + 90. Calculate the remainder when p is divided by w.
16
Let c = -110 - -134. What is the remainder when 383 is divided by c?
23
Let b(z) = -13*z + 4. Calculate the remainder when b(-4) is divided by 122/6 - 48/144.
16
Let q be 12/(-3) - (-2)/(-2). Let p(a) be the third derivative of -5*a**4/24 - a**3/3 + 14*a**2. What is the remainder when 67 is divided by p(q)?
21
Let p = 172 + -69. Let a = p - 40. Calculate the remainder when 59 is divided by 18/(-24) - a/(-4).
14
Suppose 33*o - 1179 = 1395. What is the remainder when o is divided by 43?
35
Let v(c) = -c - 9. Let f(j) = -5*j - 81. What is the remainder when f(-22) is divided by v(-15)?
5
Suppose 3*f - 3*l - 33 = 0, -f + 2*l + 0 = -9. Suppose h + 301 = 4*h - 2*s, -5*s - 289 = -3*h. What is the remainder when h is divided by f?
12
Let d be (-1)/(-4 - (-7)/2). Let t be (-8)/10*5/(-2). Suppose -t*o - 2*p - d*p = -42, -2*o = p - 45. What is the remainder when o is divided by 13?
10
Let l(g) = 13*g - 116. Calculate the remainder when 209 is divided by l(12).
9
Suppose 0 = -3*b - b + 664. Suppose 14*g + 54 = b. What is the remainder when g is divided by (-4)/(-3)*18/4?
2
Let m be 2 + 2*(-22)/(-4). Calculate 